g - 0. Is s(r) a prime number?
False
Suppose -2*w + 15802 = 2*i, 4*w - 39*i - 31592 = -37*i. Is w a prime number?
False
Let h be 6/4*-2 - -4335. Let w = 79 + h. Is w prime?
False
Suppose 354*p - 164838 = 348*p. Is p prime?
False
Let g = 34 + 267. Is g composite?
True
Suppose 0 = -194*o + 208*o - 72058. Is o a prime number?
True
Is 7 + 1095 + 2 + -5 a composite number?
True
Let y(z) be the second derivative of z**5/10 + 3*z**4/4 - z**3/2 - 7*z**2/2 - 3*z. Is y(9) composite?
False
Let o(d) = 47*d**2 - 57*d + 1. Is o(21) a prime number?
True
Suppose 0 = 3*o + 12, -2*c - 9*o = -6*o - 5246. Is c composite?
True
Suppose -s + 13 = 5*b - 1, 3*s = b + 10. Suppose -3*n + 250 = g - b*n, 0 = 2*g + 5*n - 488. Is g composite?
True
Let u = -1029 - -1586. Is u a prime number?
True
Suppose 2*s - 31 = -s - 5*k, 0 = -s - 3*k + 13. Let i = s - 5. Is ((-12)/(-6))/(i/11) a composite number?
False
Let b be (-11 - -5)*8/(-12). Suppose 3*q = 12*c - 10*c - 2956, -4*c - b*q = -5932. Is c a composite number?
False
Let d(l) = 4*l. Let s(n) be the third derivative of -2*n**4/3 - n**3/6 - 6*n**2. Let h(o) = 9*d(o) + 2*s(o). Is h(12) a prime number?
False
Let g(v) = 27*v**2 - 6*v + 9*v**2 + 10 + v**2. Let z be g(4). Suppose 2*l - 295 = 4*y + y, -4*l - 2*y + z = 0. Is l a prime number?
False
Suppose -2 = 5*a - 22. Suppose a*c = -2*r + 3*c + 6, 4*c = 0. Is r prime?
True
Suppose 0 = 31*w - 40*w + 20043. Is w composite?
True
Suppose -5*k + 29 = 4. Suppose -4*z + h - 31 = 0, -4*h + 10 = -k*z - 37. Is 4/z - (-1566)/21 prime?
False
Suppose -6 = -2*x - 2*o, -3*x - 2*o + 10 = -3. Let r(n) be the third derivative of n**6/120 - 2*n**5/15 + n**4/3 - n**3/6 + 4*n**2. Is r(x) prime?
False
Suppose 4*y = n + 24, 0*n + 2*n - y + 13 = 0. Is ((-43668)/72)/(2/n) composite?
False
Suppose -19243 = p - 8*p. Is p composite?
False
Is 72/(-28) + 3 + 5336/28 prime?
True
Let q = -11 + 15. Suppose 4*g - 13 = -5*s, 0 = q*g - 0*g + 4*s - 12. Suppose 830 = 3*p + g*p. Is p prime?
False
Let i = 13 + -18. Let a(p) = p**3 + 6*p**2 + 5*p + 3. Let m be a(i). Suppose 93 = d + 3*o + 15, -m*d - o = -210. Is d composite?
True
Let w(l) = 82*l + 14. Let k be w(2). Let v = 600 - k. Is v prime?
False
Let t be 3/(-5) - (39004/(-35))/(-1). Is (-1*1)/((8 + -3)/t) prime?
True
Suppose 13630 = 5*g - 1785. Let t = 5014 - g. Is t composite?
False
Let v = 175 + -399. Let d = v - -589. Is d a composite number?
True
Suppose 5*q - 41*o - 249467 = -37*o, -2*o + 249449 = 5*q. Is q a composite number?
False
Let s = -138 + 248. Suppose -s*i + 3219 = -107*i. Is i a prime number?
False
Let b(r) = 4*r + 5. Suppose -5 - 4 = y - 2*o, 3*y - 2*o = -15. Let i be b(y). Let u(g) = -g + 4. Is u(i) a composite number?
False
Let g be (0 - 6)/((3/(-2))/1). Is 767 + 4 + g*(-1)/1 a composite number?
True
Is 8/(-6) + (-145976)/(-24) composite?
True
Let n = -318481 - -550280. Is n a prime number?
True
Suppose -2*h - 32 = 5*d - 0*d, 4*h - 16 = 0. Is d/(-44) + (-6741)/(-11) a prime number?
True
Let h = 18247 + -10100. Is h prime?
True
Suppose -7585 = -5*g + 270310. Is g composite?
False
Let c = 127 - 236. Let a = c + 203. Is a composite?
True
Suppose 2282 = 3*t - 5425. Is t a prime number?
False
Let d be ((-64)/(-1))/((-10)/(-285)). Suppose -2*u = 0, -2*u + 2231 + d = 5*b. Is b a prime number?
True
Suppose 5*l = 1576 + 2359. Is l a composite number?
False
Suppose -4*b = -b - 42. Suppose -m + 3*m - b = 0. Is (74/(-4))/(m/(-14)) prime?
True
Let w be (1095/(-20))/(3/(-8)). Let v = w - 57. Is v a prime number?
True
Let r = 8904 - -6145. Is r prime?
False
Suppose -2*x = -3402 - 10236. Is x prime?
False
Suppose 0 = 65*s - 52*s - 8255. Is s composite?
True
Suppose 7*x = 4*x + 6. Suppose -3*h = -x*s - s - 744, -5*h = 4*s - 1267. Is h a prime number?
True
Let a(p) = 800*p**3 - p**2. Is a(1) composite?
True
Let w be ((-30)/7)/((-3)/21). Suppose -75 = -5*p - 5*a, 0*p - 4*p + 4*a + 20 = 0. Suppose 4*g = p + w. Is g prime?
False
Let b(o) = 157*o**2 + o - 7. Let q(x) = -2*x**2 - 8*x + 3. Let v be q(-4). Is b(v) composite?
False
Let q be 311219/102 - (-1)/(-6). Suppose 10*h + q = 13*h. Let b = h - 724. Is b a prime number?
True
Let t(s) = -1153*s + 17. Is t(-4) a composite number?
True
Let m = -1543 + 2030. Is m prime?
True
Let n = 11 + -7. Suppose 0 = 2*b + n*b - 390. Is b a composite number?
True
Let l = -6674 + 15441. Is l a prime number?
False
Suppose -25*f = -2*f - 77027. Is f prime?
False
Suppose -3*t + 35736 = 4*o - 23075, 5*o + 2*t - 73505 = 0. Is o composite?
False
Let z = -21878 - -32432. Let y be 6/(-33) - z/33. Let t = y - -469. Is t prime?
True
Let t(i) = -326*i**3 + 2*i**2 - 1. Let v be t(-1). Suppose 99 + v = 3*k. Let o = k - -67. Is o a composite number?
True
Let u(f) be the second derivative of -f**6/60 + f**5/60 - f**4/6 - f**3/2 + f**2 - f. Let n(a) be the first derivative of u(a). Is n(-8) prime?
True
Let l = 16 + -26. Let h be (-10)/4*4/l. Let f(o) = 189*o - 2. Is f(h) a composite number?
True
Let d(g) = 2*g**2 + 10*g + 13. Is d(15) composite?
False
Let v(a) = 17*a**3 - 2*a**2 - 13*a + 29. Is v(6) a composite number?
True
Suppose -30*w + 3747 = -27*w. Suppose 3*y = -136 + w. Is y a prime number?
False
Let a be (-1 + 15)/((-2)/(-244)). Suppose 2*h = -2*h + a. Is h prime?
False
Let v be (-698)/(-4)*(-2 - 0/(-5)). Let q = v - -688. Is q composite?
True
Let d(x) = -x**3 + 2*x**2 - x. Let o be 3/6*-2*-1. Let f be d(o). Suppose -2*n + 4*y = -266, f = 2*n - 6*n + 3*y + 517. Is n composite?
False
Suppose 0 = 7*s + 193277 - 545104. Is s composite?
False
Suppose -5*a - 2*o = -22441, -17960 = 30*a - 34*a + 2*o. Is a composite?
True
Let o be (3236/1)/((-36)/(-18)). Suppose 0 = 2*p - 4*l - o, 2*p + 0*p - 1650 = -4*l. Is p a composite number?
True
Suppose r - 7*r = -12. Suppose -3*n + 495 = 3*x, 4*x + n + r*n - 656 = 0. Is x prime?
False
Suppose -7*w = -10*w + 27177. Is w a prime number?
True
Let i be ((-20)/(-8) + 0)*2. Suppose 734 = 4*v + i*j + 105, 3*j - 796 = -5*v. Is v a prime number?
False
Let k = 95 + -28. Let o = -18 - -20. Suppose -o*w = -w - k. Is w a prime number?
True
Suppose -28*h + 326802 = -9814. Is h composite?
True
Suppose 2*i - 3*v = -2, 4*i + 0*v - 4*v + 12 = 0. Let y(l) = 44*l**2 + l - 12. Is y(i) composite?
False
Let c be 7640/6 - (0 - 1/(-3)). Suppose 4*i + 5*f - 7953 = 0, -i + 2*f + c = -712. Is i a composite number?
False
Let q(w) = 3*w**3 + 13*w**2 + 20*w - 25. Is q(8) composite?
False
Let x(q) = -3 - 5 + 7 - 3 + q. Let d be x(6). Suppose -u + 4*u = d*g - 71, -2*g + 4*u = -74. Is g composite?
False
Suppose -8*p = -9*p + 182. Suppose -587 = -a + p. Is a prime?
True
Suppose -q = -2*v + 4*q - 16, 6 = 5*v - q. Suppose 5*n + 3*b - 52 = 0, 4*n + b + v - 38 = 0. Suppose n*a - 3*a = 515. Is a composite?
False
Let y(z) = 2*z - 19. Let j be y(8). Let f(q) = -211*q + 1. Let m be f(1). Is j/(9/m) - 3 prime?
True
Let w(f) = -2*f**2 - 2*f + 1. Let o be w(-2). Let p(d) = -13*d**3 - 3*d**2 - 3. Is p(o) a prime number?
False
Let x(w) = -2*w**3 + w**2 - 2*w + 1. Let k be x(-10). Is k/(-6)*(-8)/14 composite?
True
Suppose c - l - 2*l = 6194, 0 = -4*c - 5*l + 24725. Is c a prime number?
False
Suppose 3*z = 24569 + 6880. Is z a prime number?
False
Is (-9 - -9306) + (-20)/2 prime?
False
Let a = -14519 + 21550. Is a composite?
True
Let f = -806 + 4569. Is f composite?
True
Let g(x) = -x**3 + 16*x**2 + 19*x - 24. Let q be g(17). Suppose 0 = -q*y + 4679 + 1631. Is y a prime number?
True
Suppose -1304712 - 89855 = -37*u. Is u a composite number?
False
Suppose 4*v = 2*v - 40. Let x be (-3)/(-4) + v/(-16). Is (-680)/(-6) - x/6 a prime number?
True
Let n be (-1)/(-3)*0 + 2. Suppose -n*d + 250 = 90. Suppose -77 = -s - 2*t, -s - t + d = -2*t. Is s a composite number?
False
Suppose 7*p + 72 = 10*p. Let h be 36/p*8/(-6). Is (-2 - 525/6)*h a prime number?
True
Suppose 4*b - 2*i = b + 15, -5*b - i = -25. Let s(v) = 6*v - 3*v**2 - 2*v**3 - 5 - 3*v - b*v**3 + 1. Is s(-3) a prime number?
True
Let f(y) = -2*y. Let m be f(-3). Suppose 0 = -3*b - m, -5*j + 0*b = -4*b - 6393. Is j prime?
True
Let m = 9645 + -4036. Is m prime?
False
Let d(t) = 28*t + 34. Let f be d(10). Let s = f + -211. Is s a composite number?
False
Suppose 2*c - 216 = 32. Suppose -5*z + 1128 = -z. Let x = z - c. Is x a composite number?
True
Let t = 32019 + -190. Is t a prime number?
False
Is (43 + -35929)*